*2 + 2*k - 2. Give p(r).
-6
Let p(s) = s - 1 + 5 - 4. Give p(0).
0
Let p(k) = 4*k - 1. Let z(o) = 5*o - 1. Let a(c) = -4*p(c) + 3*z(c). Give a(6).
-5
Let o = 8 + -3. Let t(x) be the second derivative of x**4/12 - 2*x**3/3 - 5*x**2/2 - 3*x - 4. Determine t(o).
0
Let t(s) = s**2 - s - 1. Let l(d) = d**3 - d**2 - 6*d + 1. Let b(a) = -l(a) + 6*t(a). What is b(7)?
-7
Let g(p) = -2*p**2 - 16*p + 3. Let w be g(-8). Let r(y) be the first derivative of -y**3/3 + 2*y**2 - 2. Calculate r(w).
3
Suppose -b + 13 = 5*z, -10*b + z - 11 = -6*b. Let x(g) = -3*g**2. What is x(b)?
-12
Let u(c) = 2*c - 5. Let d be (-16)/(-6)*(-3 - 63/(-14)). Calculate u(d).
3
Let a(x) = x + 4. Let r(k) = -k**3 + 4*k**2 + 4*k + 3. Let q be r(4). Let o = q + -19. Give a(o).
4
Suppose 0 = -4*z + 16, 3*u - 2 = -3*z + 1. Let k = u - -4. Let o(n) = 4*n**3 - n. What is o(k)?
3
Suppose g + 77 = 3*r, -125 = -5*r + 2*g + 5. Suppose 3*n + 3*z = -r, -n = -6*n + 2*z - 5. Let x(i) = i**3 + 4*i**2 + 3*i - 4. Calculate x(n).
-4
Suppose 25 = 2*k + 3*k. Let l(j) = -7*j + k*j + 13 + 0*j + j. Suppose 2*s - 6*s + 24 = 0. What is l(s)?
7
Let a(l) = -l**2 + 5*l - 1. Let x be a(5). Let u(p) = -3*p. Let c be u(x). Let d(r) = 4 - r - 7*r + 6*r. Give d(c).
-2
Let z be 11 + (189/(-56) - 3/(-8)). Let p(y) = -y**2 + 8*y + 8. Give p(z).
8
Let k = 63 - 33. Suppose m - 6*m = k. Let s(t) = 7*t - 1. Let r(h) = -5*h. Let d(y) = -3*r(y) - 2*s(y). Give d(m).
-4
Let p(v) = 3*v**2 - 3*v + 3*v**3 + 3*v**3 - 1 - 4*v**3 - v**3. What is p(-4)?
-5
Let y(f) = -f + 6. Suppose 3*n + 12 = -2*x, 4 + 4 = -2*n. Let g = 4 - x. Give y(g).
2
Let j(u) = -2*u - 2. Let f(x) = x. Suppose d + 2*d + 6 = 0. Let i(h) = d*j(h) - 2*f(h). Determine i(-3).
-2
Let s(t) = t**3 + 3*t**2 + t - 1. Let i be s(-2). Let h = 0 + i. Let v(l) be the second derivative of -l**5/10 + l**3/3 - l**2/2 + 41*l. What is v(h)?
-1
Let a(c) = -c**2 + 6*c + 2. Suppose q - 5*z = 17, 2*z = q - 0*z - 8. Let f(h) = 3*h. Let p be f(q). Determine a(p).
2
Let m = -3 - -6. Let g = 3 - m. Let l(z) = -z - 1. Let u(q) = 3*q - 3. Let r(n) = 4*l(n) + u(n). Determine r(g).
-7
Let d(u) = u**2 - u - 1. Let v(z) = -6*z**2 + 13*z - 4. Let k(q) = 5*d(q) + v(q). What is k(7)?
-2
Let c(q) = -2*q - 4*q + 0*q + 13 + 3*q. Determine c(9).
-14
Let p(v) = -4*v + 1. Suppose 9 = -5*u + 4. Let t(j) = -j - 1. Let i(g) = u*p(g) + 2*t(g). Determine i(5).
7
Suppose 0 = -2*g - g - 6. Let d be -2*(-3)/(-6)*g. Let h(z) = d*z - 6*z + 5*z. Calculate h(-4).
-4
Let f(k) = k. Let c be 30/(-24) - 1/(-4). Let m(q) = 4*q + 4. Let j(r) = c*m(r) + 16*f(r). Let y(i) = 1. Let z(t) = j(t) + 4*y(t). What is z(-1)?
-12
Let v be (18/45)/((-2)/(-10)). Let d(m) = -2*m**2 + 10 + 5*m - 12 - 3*m + 6*m**v. Calculate d(-2).
10
Let k(y) = -3*y - 4. Let j(p) = 8*p + 11. Let q(a) = -4*j(a) - 11*k(a). Let i = -3 - -4. Give q(i).
1
Let r(h) = -h**3 + 2*h**2 + h + 4. Let y be 96/6 + (0 - 1). Let d be y/((-12)/(-4)) - 2. What is r(d)?
-2
Let k be 756/140 + 4/(-10). Let u(c) = -c**2 + 8*c - 7. Calculate u(k).
8
Suppose c - 9 + 0 = 0. Suppose 0 = -2*p + 5*v - 4, 12 = 5*v + 2. Let a(z) = 0*z**2 - c*z**2 + z**p - 7 + 0*z**3 + 8*z + 2*z**2. Determine a(6).
5
Let n = -3 - -8. Let j(g) = g - g + n + 2*g - g. Suppose -3*l - u - 8 = 0, 11 - 3 = 2*u. Calculate j(l).
1
Let x be (-9 + 6)/((-6)/4). Let a(u) be the first derivative of 3 - 2*u**x - 1 + 2 - 3. What is a(1)?
-4
Suppose -2*d = -4*u - 6, -9 = -3*d + u - 6*u. Let g(f) = 2*f + 5*f**2 - 1 - f**d - 1 + f**2. Give g(6).
10
Suppose 0 = -2*c + 10, 2*c - 20 = -2*z - 0*c. Let u(g) = g**2 - 5*g + 6. Give u(z).
6
Let f(g) = g**3 + 9*g**2 + 12*g - 6. Let j(i) = 4*i**3 + 26*i**2 + 36*i - 17. Let s(p) = -7*f(p) + 2*j(p). What is s(12)?
8
Suppose w = 3*d - 11, 0 = 2*w + 3*d - 16 - 7. Suppose 4*r - 4 = -w*j, 5*r - 2 = 4*j - 42. Let l(h) = -h**2 + 5*h + 6. What is l(j)?
6
Let b(r) = r - 2. Let n be b(5). Suppose -2*y - n - 3 = 0. Let w(k) be the first derivative of k**3/3 - k + 6. What is w(y)?
8
Suppose 4*i - 3 = 13. Let b(f) = -i*f**2 + 0*f + 2*f**2 + 1 - 2*f - 3. What is b(-2)?
-6
Suppose -5*y = -5*d - 40, 0*y + y - 4*d = -4. Let n = y - 13. Let t(o) = -3*o - 1. Calculate t(n).
2
Let d(x) = -x - 3. Let c(v) = 6*v**2 - 1. Let o be c(-1). Let j = 2 - o. Determine d(j).
0
Let b(d) be the second derivative of 1/2*d**2 - 5*d - 1/2*d**3 + 0. Calculate b(4).
-11
Let m(l) = l**2 + l - 1. Let y be ((-4)/6)/(46/138). What is m(y)?
1
Let m = 7 + -2. Suppose 3*t = -m*i + 1, i - 2*i - 5*t - 13 = 0. Let d(n) = -i + 0 - 5*n + 1 + 14*n. What is d(1)?
8
Let a(p) = 2*p + 5. Let r = -16 - -12. Determine a(r).
-3
Let m(x) = -6*x + 32 - x**2 - 12 - 21. Let k be ((-10)/4 - -2)*-12. Suppose 6*j = 4*j - k. Give m(j).
8
Let q(j) = 11*j**2 + 3*j + 4. Let s(k) = -10*k**2 - 2*k - 3. Let b(p) = -4*q(p) - 5*s(p). Let v be 2/10 - 60/50. Calculate b(v).
7
Let a(w) = -w**3 + 15*w**2 + 17*w - 18. Let c be a(16). Let i(y) = -y + 1. Let d(o) = -4*o**2 - 6*o + 2. Let p(m) = d(m) - 3*i(m). Determine p(c).
-11
Let y(n) = -4*n**2 + 2*n**3 - 5*n**3 + 3 + 2*n + 4*n**3 + 0. Calculate y(4).
11
Let i = 3 - 2. Let b(z) be the second derivative of z**3/6 - z**2/2 + 59*z. Calculate b(i).
0
Let m(u) = u**3 - 7*u**2 + 2*u + 1. Let j be m(7). Suppose -n - 2*n = -j. Let o(s) = -6*s - 3. Let i(y) = -7*y - 4. Let x(c) = n*o(c) - 4*i(c). What is x(-4)?
9
Let m(o) = 2*o**3 + 8*o**2 + o - 1. Let s(t) = -t**3 - 3*t**2 + t + 4*t**2 + 2*t**3. Let k(q) = m(q) - 3*s(q). Calculate k(2).
7
Let a(m) = -m**3 + 6*m**2 - m - 2. Suppose -2 = -r - 0, 0 = -2*c + 2*r. Let v = 4 + c. Calculate a(v).
-8
Let h(b) = -b**2 - 4*b - 4. Let r(p) = p**3 + 5*p**2 + 3*p - 3. Let c be r(-3). Suppose j = n + n + c, -5*n - 15 = -5*j. Determine h(n).
-1
Let u(z) = 4*z**3 - 8*z**2 - 2*z + 2. Let a be 5*(-3)/(5*-3). Let g(t) = t**3 - t**2 - 1. Let p(n) = a*u(n) - 3*g(n). Give p(5).
-5
Let a(m) = 3*m**3 + 38*m**2 - 6*m - 47. Let w(p) = -p**3 - 13*p**2 + 2*p + 16. Let k(g) = 4*a(g) + 11*w(g). What is k(-9)?
6
Let w(p) be the third derivative of 3*p**5/10 - 5*p**4/12 + 2*p**3/3 + p**2. Let s(c) = -6*c**2 + 3*c - 1. Let m(g) = 7*s(g) + 2*w(g). Give m(-1).
-6
Let z(h) = h**3 - 7*h**2 - h + 7. Let d(b) = b**3 - 7*b**2 + b. Let u be d(7). Let y be z(u). Let l be 0 + -3 + 0 + y. Let i(q) = q. What is i(l)?
-3
Let d(o) = -o + 6 + 2*o + 14 - 21. Give d(-3).
-4
Let a(v) = 2*v + 5*v + 4 + 10 - 13. What is a(3)?
22
Let o(t) = t + 6. Let l be o(-7). Let v(z) = -3 + 2*z**2 + 3 + 2*z + 1. Calculate v(l).
1
Let d(r) = 2*r - 10. Let j be d(4). Let f(q) = -2 - q**2 + 0 - q**3 - 1 - 2*q. Determine f(j).
5
Let j(g) = -1. Let o(m) = m - 3. Let a(c) = -4*j(c) + o(c). Calculate a(3).
4
Let x(g) = -g**3 - g**2 + g. Suppose 3*l = -5*b - 5 - 26, 2*b + 10 = 0. Give x(l).
2
Let w(m) = 5*m - 3. Let y(z) = 3*z + 7. Let g(p) = -8*p - 20. Let k(o) = -6*g(o) - 17*y(o). Let j(q) = 7*k(q) + 4*w(q). Determine j(4).
-9
Let w(f) = 2*f**3 - 6*f**2 - 4*f + 5. Let n(x) be the first derivative of -5*x**4/4 + 4*x**3 + 4*x**2 - 11*x - 3. Let k(p) = -3*n(p) - 7*w(p). What is k(-5)?
3
Let k(a) = -a**3 - 1 - 4 - 4 + 11. Give k(0).
2
Suppose -2*p - 3 - 1 = 0. Let t(m) = -m**3 + 2*m. What is t(p)?
4
Let n(r) = -r - 4. Let z(x) = -2*x - 3. Let c(y) = -4*n(y) + 5*z(y). Calculate c(-2).
13
Let a(g) = -g**2 + g + 10. Let z(w) = 4*w**2 - 13*w - 49. Let v(d) = -2*d**2 + 6*d + 24. Let l(n) = -7*v(n) - 3*z(n). Let u(y) = 9*a(y) + 4*l(y). What is u(-5)?
-4
Let m(q) = q**3 - 7*q**2 + 4*q - 2. Suppose 0 = -2*d - 2*r + 6, -r + 3*r = d - 12. Determine m(d).
-14
Let l(b) = -b**2 - b. Let f(a) = -3*a - 5*a**2 - 2*a - 2*a - 9. Let v(m) = m + 1. Let j be v(5). Let u(d) = j*l(d) - f(d). What is u(0)?
9
Let g(s) = -s**2 - 9*s - 7. Let m(l) be the second derivative of -l**4/12 - 11*l**3/6 - 5*l**2/2 - l. Let p be m(-11). Calculate g(p).
13
Suppose -4*t + 2*w + 4 = -2, 4*w + 3 = 5*t. Let k(d) = -d + 1. What is k(t)?
-2
Let w(d) = -d - 7. Let m be -11 + 1*(0 + -1). Let a = m - -6. Determine w(a).
-1
Suppose k + k = -14. Let w(u) = -u + 1. Calculate w(k).
8
Let f = 7 - 4. Let v(w) = -2*w**2 + 0*w**3 - w**3 - 3 - w**f + w**3. Determine v(-3).
6
Let i(p) = -p**3 + 7*p**2 - 5*p - 1. Let t be 58/10 + (-10)/(-50). Give i(t).
5
Let n(i) be the second derivative of i**5/20 + i**4/12 - i**3/3 - i**2/2 - i. Suppose 2*y + 11 - 1 = 5*s, 3*y + 8 = 4*s. Determine n(s